se 143*f - 139*f - 10710 = 2*u, 5*f - 13410 = -2*u. What is the greatest common factor of f and 80?
40
Let y = 749 + -732. Suppose 41 = 8*i + y. Calculate the greatest common divisor of 93 and i.
3
Let k = -2400 - -3113. What is the highest common factor of 345 and k?
23
Let c = 105 + -92. Suppose -c + 173 = 2*z. What is the highest common factor of z and 112?
16
Let q = -18 - -21. Suppose -q*p - p = -192. Let x be 8 - -3 - (-48 - -23). Calculate the highest common factor of p and x.
12
Let f(x) = x**3 - 50*x**2 + 52*x - 91. Let z be f(49). What is the highest common divisor of z and 1876?
28
Let c be ((-20)/14)/((-85)/714). Let t = -5 + 10. Let l = c + t. What is the greatest common divisor of l and 119?
17
Suppose -13*x + 9*x + 12 = 0. Suppose 0 = 3*m + x*a - 2*a + 145, -4*a - 41 = m. Let p = 51 + m. Calculate the greatest common factor of 2 and p.
2
Let w(u) = -11*u**3 - 4*u**2 + 8*u - 17. Let g be w(-5). Calculate the highest common divisor of g and 435.
87
Suppose -2*n = -4*c - 40, 2*n - 3*c - 3 = 34. Let s(d) = 2*d**2 - 9*d - 56. Let b be s(n). Calculate the greatest common factor of 150 and b.
30
Let j be (2 + -3)*2/((-8)/1100). Let b = -2 - 26. Let x be 2*(-3)/2 - b. Calculate the highest common divisor of x and j.
25
Suppose 14 = -9*b + 50. Suppose 2*k + 16 = -b*r, k = 5*r + 44 - 17. Calculate the highest common factor of k and 16.
2
Suppose 4*t = 0, x - 5*t - 90 = 145. Calculate the greatest common divisor of x and 1880.
235
Let c(k) = -k**2 - 30*k - 106. Let r be c(-27). Let u(y) = y**3 + 27*y**2 + 16*y - 2. Let v be u(r). What is the greatest common divisor of 53 and v?
53
Let h(d) = 59*d**2 - d - 3. Let g be h(-1). Suppose -60 = -4*i + 5*b, 4*i - b = g - 13. Suppose -i*q + 990 = q. What is the highest common divisor of q and 10?
10
Let r(k) = k**3 - 2*k**2 + 4*k - 7. Let p be r(5). Let a = -1354 - -649. Let z be a/(-65) + 5*(-2)/(-65). What is the highest common factor of p and z?
11
Suppose -543*f + 542*f = -a - 262, 48 = -8*a. Calculate the highest common divisor of f and 8.
8
Let u be ((-44)/(-165)*-3)/(2/30). Let f be (9/(-4))/(u/832). What is the greatest common factor of 84 and f?
12
Let c = 285 - 285. Suppose c = 8*u - 457 + 25. What is the greatest common divisor of u and 126?
18
Let g(f) = -55*f - 310. Let l be g(-6). Suppose -594 = -l*i - 2*i. What is the highest common divisor of i and 783?
27
Let s = 19076 + -12426. Calculate the greatest common divisor of s and 75.
25
Let d be (-46)/(-10) + (-16)/(-40) + 3. Let j = -20 + -42. Let c = 150 + j. What is the highest common factor of c and d?
8
Suppose -4*l - 49 = -181. Let y = -21 + l. Suppose 87*g - 82*g = -3*n + 780, 4*n + 156 = g. Calculate the highest common factor of g and y.
12
Let m(d) = -3*d**2 + 54*d + 60. Let t be m(19). Suppose 164 = t*q - 2*i, 0*q + 2*q - i = 110. Calculate the greatest common divisor of q and 7.
7
Suppose 818 = 69*f - 907. What is the highest common factor of 345 and f?
5
Suppose -1899 = -5*a - b, 5*a - 2*b = 3*b + 1905. Suppose -450*g + 81 = 4*m - 451*g, -m = 4*g - 16. Calculate the highest common factor of m and a.
20
Let c = -29 + 20. Let d be 23/((c/(-84))/(24/32)). Calculate the greatest common divisor of d and 14.
7
Suppose -4*f + 31 = -d - 0*d, 0 = -3*f - d + 25. Suppose -4*t = -f*r + 5*r - 309, 5*t = -r + 410. What is the greatest common factor of t and 9?
9
Let g be (4/(-8))/(5/(-20)). Let s be (g/(-8))/(1/(-20)). Suppose -3*h = -2*h + 5*k - 143, 3*k = s*h - 631. Calculate the highest common factor of h and 16.
16
Let a(t) = -6*t - 4. Let k be a(-2). Suppose 994 = 172*m - 101*m. Calculate the greatest common factor of k and m.
2
Suppose -3*l + m + 98 = -69, 0 = 2*l - 3*m - 116. Suppose 12*t - 4*t = 80. What is the greatest common divisor of l and t?
5
Let t(o) = -o**2 - 7*o + 14. Let x be t(-8). Suppose -r = -4*u - x, -u = r - 2*u. Let h be r + 7 - 2/(-2). Calculate the highest common factor of h and 6.
6
Let y = 11180 - 11064. What is the greatest common divisor of y and 144?
4
Suppose 5*j + 2865 = 5*k, 12 = -83*j + 79*j. Calculate the highest common factor of k and 480.
30
Let d(a) = -44*a + 111. Let r be d(-8). Let v = r + -460. What is the greatest common divisor of 3 and v?
3
Suppose 6*b = 2*b. Suppose 13*t - 18*t + 300 = b. Calculate the highest common divisor of 48 and t.
12
Let u = 7 + 3. Suppose a - 2*z - 36 = 0, -26*a = -27*a + 5*z + 15. What is the highest common factor of a and u?
10
Let w = 41 - 37. Suppose 2*j + 13 = -3*q, -7 + 28 = -q - w*j. Let i be (810/20)/(q/(-2)). Calculate the highest common factor of 9 and i.
9
Suppose -5*g - 2*w + 0*w + 1417 = 0, -3*g - 3*w = -843. Let b be 27/((-29)/(-1740)*36). What is the highest common factor of g and b?
15
Let q = -28 - -19. Let p be -27*(60/q + 1). Let x be 4095/441 - (0 - 4/(-14)). Calculate the greatest common divisor of x and p.
9
Let i be (-6)/(-2)*(-2 - -3). Let t be 18/(-4)*8/(-18). Suppose 0*b = t*b - n - 37, -4*n = -2*b + 22. What is the greatest common divisor of b and i?
3
Let w be (-69)/(-15) + (-2)/((-15)/(11 - 8)). Let n = 6 - 1. Calculate the highest common divisor of n and w.
5
Let v = -4624 - -6268. Calculate the highest common divisor of v and 16.
4
Let l = 5387 + -5090. What is the highest common factor of 3927 and l?
33
Suppose -6*n = -3*n - 420. Let p be 877/3 + (-749)/321. Let d = p - n. What is the highest common factor of 60 and d?
30
Suppose 3*v + 0*v = 210. Suppose 4*s - 27 = -59, -2*p + 46 = 3*s. Calculate the greatest common divisor of v and p.
35
Suppose -5*c = j + 52 - 110, 0 = -5*j - c + 170. Calculate the greatest common factor of 5115 and j.
33
Let f = 17 + -13. Let y be ((-2)/f)/(5/(-70)) + -1. Suppose -4*j - y = -26. Calculate the highest common factor of 35 and j.
5
Let r be 0/(2 + (4 - 4)). Let j be 79 - (3 - r - (3 - 0)). Let i = j + -39. What is the greatest common factor of 10 and i?
10
Let k be 4/(-22) + 1246200/1023. What is the greatest common divisor of k and 42?
42
Let i = 745 - 306. Let y = -411 + i. Let b(r) = 42*r**2. Let g be b(1). Calculate the highest common factor of g and y.
14
Let c(h) = 194*h - 837. Let k be c(17). What is the greatest common divisor of 23 and k?
23
Let o be 5/(3/(-4) + 777/1020). Suppose 5*u + 15*j - o = 20*j, -2*u = -3*j - 167. What is the greatest common factor of 132 and u?
44
Let s(c) = -193*c - 921. Let r be s(-5). Calculate the greatest common divisor of 913 and r.
11
Suppose 3*l + 5*l = 64. Let c be l/6*6/(-12)*-6. Suppose -5*z + 113 = c*h, 2*h - 4*z - 22 = 2. Calculate the greatest common divisor of h and 22.
22
Let a(y) = y**2 - 12. Let c be a(-3). Let n(j) = 3*j**2 - 6*j - 19. Let o be n(c). Calculate the highest common divisor of o and 416.
26
Let r = 21720 - 21560. Calculate the greatest common factor of r and 100.
20
Let w = -160 + 164. Suppose 4*l - 415 = -5*g, -415 = -w*g - 4*l - 87. Calculate the highest common divisor of g and 29.
29
Let b be (-13)/(-2)*(-4)/(-8)*16/2. Calculate the greatest common factor of b and 702.
26
Suppose -g + 2*g = -3*g. Suppose -4*a - 4*a + 224 = g. Suppose -4*c + 15 = 4*s - 5, -2*c = 5*s - a. What is the greatest common divisor of s and 66?
6
Let d(f) be the third derivative of f**6/40 - 11*f**5/60 + f**4/12 + 7*f**3/6 - 2*f**2 - 12*f. Let l be d(5). Calculate the greatest common factor of 18 and l.
9
Let t be (-2 + 8)*105/14. Let s be (-598)/(-91) - 8/14. Suppose s*m = 12*m - 180. What is the greatest common divisor of m and t?
15
Let w(u) be the second derivative of 1/20*u**5 + 5*u + 5/2*u**2 - 1/6*u**4 - u**3 + 0. Let v be w(4). What is the highest common factor of v and 221?
13
Let c = -20 - -37. Suppose c + 298 = 7*m. Suppose -49*x + 68 = -m*x. What is the greatest common factor of 17 and x?
17
Suppose 32*w - 23*w + 6912 = 18*w. What is the greatest common factor of 28 and w?
4
Suppose 101*o = 5*q + 104*o - 177, -4*o + 68 = 2*q. What is the highest common factor of q and 2799?
9
Suppose 32*l - 10 = 2*t + 31*l, 4*t + 18 = 3*l. Let y(x) = x**3 + 10*x**2 + 23*x + 27. Let q be y(t). Calculate the greatest common divisor of q and 792.
33
Let i(k) = -8*k - 5. Let y be i(-12). Suppose 0 = -20*j + 210 + 70. What is the highest common factor of j and y?
7
Suppose -2*o - 370 = -3*k, -5*o = 7 + 3. Let j be (-1 + 2)*3/(12/(-232)). Let b = j + k. Calculate the